227 = 5*k + 53. Let x be (a/2)/((-14)/k). What is the highest common factor of x and 8?
2
Let z be (-20)/(-70) - (-66)/14. Suppose 0 = z*p - 9*p. Suppose p = -2*a + 3*h - 5*h + 56, 4*h = 16. Calculate the greatest common divisor of a and 6.
6
Suppose 3*f - f - 27 = t, 2*f + 2*t - 18 = 0. Suppose 4*y = 3*p - p - 12, 4*p - 24 = 3*y. Calculate the highest common divisor of f and p.
6
Let b be 4 - (-13 - 1)/(-2). Let u be (-20)/((-15)/(-10)*1/b). What is the highest common factor of 5 and u?
5
Suppose 17*c - 16*c + 5 = 4*x, 3*c - 5 = 2*x. What is the highest common factor of x and 158?
2
Suppose -19*b = 177 - 937. Calculate the greatest common factor of b and 32.
8
Suppose 29*z = 34*z + 10. Let s(h) = h**2 + 4*h + 9. Let l be s(z). What is the greatest common factor of l and 20?
5
Let r(l) = -14*l + 1. Let w be r(3). Let p be (4/(-6) - -1)*-17*3. Let s = p - w. What is the highest common divisor of 16 and s?
8
Let n = -90 - -187. Let a = -47 + n. What is the greatest common divisor of a and 20?
10
Let y be 948/9*(-12)/(-4). What is the greatest common factor of y and 553?
79
Suppose 2*y - 168 = -y. Suppose 45 = -4*o + 2*v - 253, 0 = o + 4*v + 61. Let u = 80 + o. Calculate the highest common divisor of y and u.
7
Suppose c = -c + 6. Suppose c*g = -k + 13, -k - 5 = -5*g - 42. Calculate the greatest common factor of 198 and k.
22
Suppose -3 = 2*y - 3*y, -4*v + 114 = 2*y. What is the greatest common factor of v and 54?
27
Suppose -w - 4 + 6 = x, 0 = -4*x - 3*w + 8. Suppose 0 = x*c - 199 + 19. Calculate the highest common factor of 30 and c.
30
Let h(z) = -z**2 - 27*z - 149. Let f be h(-18). Let o be (-13)/1*1*-7. Calculate the highest common divisor of f and o.
13
Let f = 238 + -43. Let x = 199 + -121. What is the greatest common factor of x and f?
39
Let k = 38 - 14. Let p(i) = -3*i - 12. Let u be p(-8). What is the greatest common factor of u and k?
12
Let u be -1*(-17 + (4 - 2)). Let s = -15 + u. Suppose s = -4*k + 20, 3*g = -2*g + 3*k + 310. What is the greatest common divisor of g and 13?
13
Let k = -261 - -321. Calculate the highest common factor of k and 60.
60
Suppose -10*f - 319 + 2629 = 0. Calculate the highest common factor of 21 and f.
21
Let v = 25 + -23. Let a = 8 + v. What is the highest common factor of a and 40?
10
Let o = 1085 - 569. What is the highest common divisor of o and 24?
12
Suppose q = 3*q - 16. Let c(f) = -4*f - 9. Let x be c(-3). Suppose d = -2*d + x. Calculate the highest common factor of d and q.
1
Let l = 25 + -22. Suppose -2*k + 31 - l = 0. Let b be 2/5 - (-24)/15. Calculate the highest common factor of b and k.
2
Suppose 2*p - 42 = -4*n, 2*p + 313*n - 308*n = 40. Calculate the greatest common factor of p and 65.
5
Let s(r) = r**2 - 21*r + 11. Let k be s(19). Let d = 11 - k. What is the greatest common divisor of 95 and d?
19
Suppose -5*y - 4*f = -12 - 3, -3*y + f = 8. Let n be (3 - y)*30/16*2. What is the highest common divisor of n and 45?
15
Let m(z) = z**3 - 9*z**2 + 28*z - 45. Let t be m(6). What is the greatest common factor of 80 and t?
5
Let t(w) = w**2 + w + 6. Let n be t(5). Let f = 71 + -67. What is the highest common factor of f and n?
4
Let p(r) = r**3 + 8*r**2 - r + 7. Suppose 0 = -5*b + 2*b - 24. Let l be p(b). Calculate the highest common divisor of l and 60.
15
Let o(q) = -9*q + 18. Let j be o(-9). Let w be j/(-6)*4/(-3). Calculate the highest common divisor of 198 and w.
22
Suppose -4*d = 5*o - 1476, -4*d - 587 = -2*o - 9*d. What is the greatest common divisor of 8 and o?
8
Suppose 4*p - 1076 = -5*n, 379 = 3*n - p - 270. Suppose -2*z = 7*z - n. What is the greatest common divisor of z and 64?
8
Let b = 36 - 34. Suppose -b*v = -4*l + 96, -6*l - 2*v - 119 = -11*l. Let s be (-4)/(-10) + (-113)/(-5). Calculate the highest common factor of l and s.
23
Let j be (-1960)/350*(-5)/1. Calculate the greatest common factor of 49 and j.
7
Suppose 8*b = 4*b - 172. Let q = -197 - -135. Let p = b - q. Calculate the highest common divisor of p and 19.
19
Let y(d) = -d**3 - 9*d**2 - 9*d. Let n(g) = -2*g + 6. Let h be n(7). Let l be y(h). Calculate the highest common factor of 64 and l.
8
Suppose -758*v = -764*v + 3030. Calculate the highest common divisor of v and 707.
101
Let x(y) = -y**3 + 5*y**2 - 4*y + 4. Let l be x(3). Suppose -d - l = 2. Let q = d + 16. What is the greatest common factor of 28 and q?
4
Let w be (-759)/(-12) - 1/4. Let r(f) be the third derivative of f**4/24 + 7*f**3/3 + 3*f**2. Let s be r(-5). What is the highest common divisor of s and w?
9
Suppose 4*m = -5*x + 4234, 1680 = 2*x - 2*m + 7*m. Calculate the highest common divisor of x and 68.
34
Let k be 122/9 + (-204)/(-459). What is the highest common divisor of k and 35?
7
Suppose 0*m = -m - 20. Let b be (-1188)/m + (-6)/(-10). Let x be -1*(-1 - -2)*-15. Calculate the highest common divisor of x and b.
15
Suppose -20*r + 279 = -11*r. Calculate the greatest common factor of r and 217.
31
Let q = 21 + -21. Suppose 4*y - y - 120 = q. Suppose -27 - 13 = -4*u. What is the highest common factor of u and y?
10
Suppose -4*n = -4*p + 8, -3*p + 35 = 2*n + 9. Suppose 4*d + 2*z = 22, -26 = -5*d - 0*d - 2*z. What is the greatest common factor of p and d?
2
Suppose 5*j + 13*z - 9*z - 253 = 0, -2*j = -3*z - 92. Calculate the greatest common factor of 1127 and j.
49
Let p = 42 + -40. Suppose -7*h + 100 = -p*h. Suppose 0 = 4*z - 1 - 15. Calculate the highest common factor of h and z.
4
Suppose -2*n + 254 = -3*l, 2*n - 13*l = -8*l + 250. What is the highest common factor of 20 and n?
10
Let w(r) = 2*r**2 + 9*r + 15. Let l be w(-5). Suppose -3*h + 106 = -l. What is the highest common factor of 6 and h?
6
Suppose 0 = -2*w - 3*c + 18, -18 = -3*w - 2*c - 1. Suppose -4*i = -4*z + 152, 0 = -z + w*i - 7 + 49. What is the greatest common divisor of z and 18?
18
Suppose -2*a = 2, -2*i + 4*i = 3*a + 171. What is the highest common factor of 28 and i?
28
Let q(y) = 14*y**2 + 2*y + 1. Let c = 25 - 26. Let h be q(c). What is the greatest common factor of h and 13?
13
Let r(a) = -7*a**2 + 1 + 8*a**2 + 30*a**2. Suppose z - 2 = -3. Let u be r(z). Calculate the highest common factor of u and 48.
16
Let n(d) = -4*d**3 + 4*d**2 - 11*d - 5. Let j be n(3). Let a = j + 188. What is the greatest common divisor of a and 6?
6
Let p(i) = 20*i**2 + 63*i - 37. Let x be p(-10). Calculate the greatest common factor of x and 31.
31
Suppose -82*a - 47 = -87*a - 4*d, -2*d = 2*a - 18. Let c(t) = 54*t**3 + 2*t**2 - 1. Let m be c(1). What is the highest common factor of m and a?
11
Suppose -24 = -4*p + 20. Let q(r) = -11*r - 10. Let g be q(-1). What is the highest common divisor of g and p?
1
Suppose 2*l - 4*t - 460 = -2*l, -l + 130 = -4*t. Calculate the highest common divisor of 22 and l.
22
Suppose -9*k + 128 = -115. Let f = 21 + k. What is the highest common divisor of 32 and f?
16
Let a be (105/(-7))/5*(-2)/(-3). Let b be 3/(3/a) + 326. What is the greatest common factor of b and 36?
36
Let d(v) = -v**3 - 10*v**2 - 2*v - 11. Let i be d(-10). Suppose -5*b + i*b - 132 = 0. Calculate the greatest common divisor of 66 and b.
33
Let h = -340 - -628. What is the greatest common divisor of h and 36?
36
Let j be (1 + 0)*-6*19/(-6). What is the greatest common factor of 38 and j?
19
Suppose 64*j = 685 + 3155. What is the highest common factor of 135 and j?
15
Let r = 5 + 15. Let k = -11 + 41. Calculate the highest common factor of k and r.
10
Let i = -395 - -423. What is the greatest common divisor of 42 and i?
14
Let g(j) = 1 + 0 + j + 5. Let r be g(-10). Let y be 12/(-1)*10/r. What is the greatest common factor of 45 and y?
15
Suppose -4*f = -5*j - 89, 2*j + 26 = -f + 2*f. Let b = -2 + f. What is the highest common divisor of 98 and b?
14
Suppose 3*g + 1 = 3*p - 5*p, 5*g - 9 = -2*p. Let m be (-1430)/(-45) + p/(-36). Calculate the greatest common divisor of m and 352.
32
Let r be 2*-2*(-4)/8. Suppose 0 = -3*o - r*n, 0 = o + 3*o - 4*n. Suppose 2*k + k - 96 = o. Calculate the highest common factor of k and 4.
4
Let v be (-12)/3 + 2 + 1 - 0. Let n be ((-68)/8)/((1/v)/2). Let k = -170 - -323. What is the greatest common divisor of n and k?
17
Let c = -7 - -18. Suppose c*t - 7*t = 84. Let p = 27 - t. Calculate the highest common divisor of p and 4.
2
Suppose -3*u = -0*u - 3, -5*x - 2*u - 18 = 0. Let z